{"id":120,"date":"2024-03-01T15:37:25","date_gmt":"2024-03-01T15:37:25","guid":{"rendered":"https:\/\/raumzumankommen.de\/wordpress\/?page_id=120"},"modified":"2025-10-10T08:20:51","modified_gmt":"2025-10-10T08:20:51","slug":"uber-mich","status":"publish","type":"page","link":"https:\/\/raumzumankommen.de\/wordpress\/uber-mich\/","title":{"rendered":"\u00dcber mich"},"content":{"rendered":"\t\t<div data-elementor-type=\"wp-page\" data-elementor-id=\"120\" class=\"elementor elementor-120\" data-elementor-post-type=\"page\">\n\t\t\t\t\t\t<section class=\"elementor-section elementor-top-section elementor-element elementor-element-1440f858 elementor-section-boxed elementor-section-height-default elementor-section-height-default\" data-id=\"1440f858\" data-element_type=\"section\" data-settings=\"{&quot;background_background&quot;:&quot;classic&quot;,&quot;shape_divider_bottom&quot;:&quot;curve&quot;,&quot;shape_divider_bottom_negative&quot;:&quot;yes&quot;}\">\n\t\t\t\t\t<div class=\"elementor-shape elementor-shape-bottom\" data-negative=\"true\">\n\t\t\t<svg xmlns=\"http:\/\/www.w3.org\/2000\/svg\" viewBox=\"0 0 1000 100\" preserveAspectRatio=\"none\">\n\t<path class=\"elementor-shape-fill\" d=\"M500,97C126.7,96.3,0.8,19.8,0,0v100l1000,0V1C1000,19.4,873.3,97.8,500,97z\"\/>\n<\/svg>\t\t<\/div>\n\t\t\t\t\t<div class=\"elementor-container elementor-column-gap-default\">\n\t\t\t\t\t<div class=\"elementor-column elementor-col-100 elementor-top-column elementor-element elementor-element-757b9073\" data-id=\"757b9073\" data-element_type=\"column\">\n\t\t\t<div class=\"elementor-widget-wrap elementor-element-populated\">\n\t\t\t\t\t\t<div class=\"elementor-element elementor-element-3aa3b087 elementor-widget elementor-widget-heading\" data-id=\"3aa3b087\" data-element_type=\"widget\" data-widget_type=\"heading.default\">\n\t\t\t\t<div class=\"elementor-widget-container\">\n\t\t\t<style>\/*! elementor - v3.20.0 - 13-03-2024 *\/\n.elementor-heading-title{padding:0;margin:0;line-height:1}.elementor-widget-heading .elementor-heading-title[class*=elementor-size-]>a{color:inherit;font-size:inherit;line-height:inherit}.elementor-widget-heading .elementor-heading-title.elementor-size-small{font-size:15px}.elementor-widget-heading .elementor-heading-title.elementor-size-medium{font-size:19px}.elementor-widget-heading .elementor-heading-title.elementor-size-large{font-size:29px}.elementor-widget-heading .elementor-heading-title.elementor-size-xl{font-size:39px}.elementor-widget-heading .elementor-heading-title.elementor-size-xxl{font-size:59px}<\/style><h2 class=\"elementor-heading-title elementor-size-default\">\u00dcber mich<\/h2>\t\t<\/div>\n\t\t\t\t<\/div>\n\t\t\t\t<div class=\"elementor-element elementor-element-2994095d elementor-widget elementor-widget-heading\" data-id=\"2994095d\" data-element_type=\"widget\" data-widget_type=\"heading.default\">\n\t\t\t\t<div class=\"elementor-widget-container\">\n\t\t\t<h2 class=\"elementor-heading-title elementor-size-default\">\u00dcber mich<\/h2>\t\t<\/div>\n\t\t\t\t<\/div>\n\t\t\t\t\t<\/div>\n\t\t<\/div>\n\t\t\t\t\t<\/div>\n\t\t<\/section>\n\t\t\t\t<section class=\"elementor-section elementor-top-section elementor-element elementor-element-11b6b4d8 elementor-section-boxed elementor-section-height-default elementor-section-height-default\" data-id=\"11b6b4d8\" data-element_type=\"section\" data-settings=\"{&quot;background_background&quot;:&quot;classic&quot;,&quot;shape_divider_bottom&quot;:&quot;curve&quot;,&quot;shape_divider_bottom_negative&quot;:&quot;yes&quot;}\">\n\t\t\t\t\t<div class=\"elementor-shape elementor-shape-bottom\" data-negative=\"true\">\n\t\t\t<svg xmlns=\"http:\/\/www.w3.org\/2000\/svg\" viewBox=\"0 0 1000 100\" preserveAspectRatio=\"none\">\n\t<path class=\"elementor-shape-fill\" d=\"M500,97C126.7,96.3,0.8,19.8,0,0v100l1000,0V1C1000,19.4,873.3,97.8,500,97z\"\/>\n<\/svg>\t\t<\/div>\n\t\t\t\t\t<div class=\"elementor-container elementor-column-gap-default\">\n\t\t\t\t\t<div class=\"elementor-column elementor-col-50 elementor-top-column elementor-element elementor-element-13eab279\" data-id=\"13eab279\" data-element_type=\"column\">\n\t\t\t<div class=\"elementor-widget-wrap elementor-element-populated\">\n\t\t\t\t\t\t<div class=\"elementor-element elementor-element-795efd77 elementor-widget elementor-widget-image\" data-id=\"795efd77\" data-element_type=\"widget\" data-widget_type=\"image.default\">\n\t\t\t\t<div class=\"elementor-widget-container\">\n\t\t\t<style>\/*! elementor - v3.20.0 - 13-03-2024 *\/\n.elementor-widget-image{text-align:center}.elementor-widget-image a{display:inline-block}.elementor-widget-image a img[src$=\".svg\"]{width:48px}.elementor-widget-image img{vertical-align:middle;display:inline-block}<\/style>\t\t\t\t\t\t\t\t\t\t<img fetchpriority=\"high\" decoding=\"async\" width=\"800\" height=\"682\" src=\"https:\/\/raumzumankommen.de\/wordpress\/wp-content\/uploads\/2024\/03\/20230214_111455-1-1024x873.jpg\" class=\"attachment-large size-large wp-image-335\" alt=\"\" srcset=\"https:\/\/raumzumankommen.de\/wordpress\/wp-content\/uploads\/2024\/03\/20230214_111455-1-1024x873.jpg 1024w, https:\/\/raumzumankommen.de\/wordpress\/wp-content\/uploads\/2024\/03\/20230214_111455-1-300x256.jpg 300w, https:\/\/raumzumankommen.de\/wordpress\/wp-content\/uploads\/2024\/03\/20230214_111455-1-768x655.jpg 768w, https:\/\/raumzumankommen.de\/wordpress\/wp-content\/uploads\/2024\/03\/20230214_111455-1-1536x1310.jpg 1536w, https:\/\/raumzumankommen.de\/wordpress\/wp-content\/uploads\/2024\/03\/20230214_111455-1-2048x1746.jpg 2048w\" sizes=\"(max-width: 800px) 100vw, 800px\" \/>\t\t\t\t\t\t\t\t\t\t\t\t\t<\/div>\n\t\t\t\t<\/div>\n\t\t\t\t\t<\/div>\n\t\t<\/div>\n\t\t\t\t<div class=\"elementor-column elementor-col-50 elementor-top-column elementor-element elementor-element-7bb33b80\" data-id=\"7bb33b80\" data-element_type=\"column\">\n\t\t\t<div class=\"elementor-widget-wrap elementor-element-populated\">\n\t\t\t\t\t\t<div class=\"elementor-element elementor-element-7fc2d1b4 elementor-widget elementor-widget-heading\" data-id=\"7fc2d1b4\" data-element_type=\"widget\" data-widget_type=\"heading.default\">\n\t\t\t\t<div class=\"elementor-widget-container\">\n\t\t\t<h2 class=\"elementor-heading-title elementor-size-default\">Warum Traumatherapie?<\/h2>\t\t<\/div>\n\t\t\t\t<\/div>\n\t\t\t\t<div class=\"elementor-element elementor-element-62949d0f elementor-widget elementor-widget-text-editor\" data-id=\"62949d0f\" data-element_type=\"widget\" data-widget_type=\"text-editor.default\">\n\t\t\t\t<div class=\"elementor-widget-container\">\n\t\t\t<style>\/*! elementor - v3.20.0 - 13-03-2024 *\/\n.elementor-widget-text-editor.elementor-drop-cap-view-stacked .elementor-drop-cap{background-color:#69727d;color:#fff}.elementor-widget-text-editor.elementor-drop-cap-view-framed .elementor-drop-cap{color:#69727d;border:3px solid;background-color:transparent}.elementor-widget-text-editor:not(.elementor-drop-cap-view-default) .elementor-drop-cap{margin-top:8px}.elementor-widget-text-editor:not(.elementor-drop-cap-view-default) .elementor-drop-cap-letter{width:1em;height:1em}.elementor-widget-text-editor .elementor-drop-cap{float:left;text-align:center;line-height:1;font-size:50px}.elementor-widget-text-editor .elementor-drop-cap-letter{display:inline-block}<\/style>\t\t\t\t<p>Vor \u00fcber 40 Jahren begab ich mich auf den Weg zu meiner pers\u00f6nlichen Heilung, angetrieben von starkem Leidensdruck. \u00dcber die Jahre habe ich viel Therapieerfahrung in verschiedensten Richtungen sammeln d\u00fcrfen. Und ich wollte immer wissen: Was macht Menschen gl\u00fccklich und zufrieden. Wie geschieht Heilung. Die Traumatherapie, die ich heute auch anbiete, half mir am besten.<\/p><p>Ich bin Jahrgang 1960, verheiratet und habe einen erwachsenen Sohn. Bevor ich anfing Menschen auf ihrem Weg zu begleiten, habe ich ein Architekturb\u00fcro f\u00fcr \u00f6kologisches und baubiologisches Bauen gef\u00fchrt. Ein Jahr lang reiste ich gemeinsam mit meinem damals 10-j\u00e4hrigen Sohn durch Nord- und S\u00fcdamerika.<\/p>\t\t\t\t\t\t<\/div>\n\t\t\t\t<\/div>\n\t\t\t\t\t<\/div>\n\t\t<\/div>\n\t\t\t\t\t<\/div>\n\t\t<\/section>\n\t\t\t\t<section class=\"elementor-section elementor-top-section elementor-element elementor-element-3157352f elementor-section-boxed elementor-section-height-default elementor-section-height-default\" data-id=\"3157352f\" data-element_type=\"section\" data-settings=\"{&quot;background_background&quot;:&quot;classic&quot;,&quot;shape_divider_top&quot;:&quot;curve&quot;,&quot;shape_divider_bottom&quot;:&quot;curve&quot;,&quot;shape_divider_bottom_negative&quot;:&quot;yes&quot;}\">\n\t\t\t\t\t\t\t<div class=\"elementor-background-overlay\"><\/div>\n\t\t\t\t\t\t<div class=\"elementor-shape elementor-shape-top\" data-negative=\"false\">\n\t\t\t<svg xmlns=\"http:\/\/www.w3.org\/2000\/svg\" viewBox=\"0 0 1000 100\" preserveAspectRatio=\"none\">\n    <path class=\"elementor-shape-fill\" d=\"M1000,4.3V0H0v4.3C0.9,23.1,126.7,99.2,500,100S1000,22.7,1000,4.3z\"\/>\n<\/svg>\t\t<\/div>\n\t\t\t\t<div class=\"elementor-shape elementor-shape-bottom\" data-negative=\"true\">\n\t\t\t<svg xmlns=\"http:\/\/www.w3.org\/2000\/svg\" viewBox=\"0 0 1000 100\" preserveAspectRatio=\"none\">\n\t<path class=\"elementor-shape-fill\" d=\"M500,97C126.7,96.3,0.8,19.8,0,0v100l1000,0V1C1000,19.4,873.3,97.8,500,97z\"\/>\n<\/svg>\t\t<\/div>\n\t\t\t\t\t<div class=\"elementor-container elementor-column-gap-default\">\n\t\t\t\t\t<div class=\"elementor-column elementor-col-50 elementor-top-column elementor-element elementor-element-8c6aeb7\" data-id=\"8c6aeb7\" data-element_type=\"column\">\n\t\t\t<div class=\"elementor-widget-wrap elementor-element-populated\">\n\t\t\t\t\t\t<div class=\"elementor-element elementor-element-3d6803f elementor-widget elementor-widget-image\" data-id=\"3d6803f\" data-element_type=\"widget\" data-widget_type=\"image.default\">\n\t\t\t\t<div class=\"elementor-widget-container\">\n\t\t\t\t\t\t\t\t\t\t\t\t\t<img decoding=\"async\" width=\"757\" height=\"983\" src=\"https:\/\/raumzumankommen.de\/wordpress\/wp-content\/uploads\/2024\/03\/IMG-20200918-WA0000-1.jpg\" class=\"attachment-large size-large wp-image-337\" alt=\"\" srcset=\"https:\/\/raumzumankommen.de\/wordpress\/wp-content\/uploads\/2024\/03\/IMG-20200918-WA0000-1.jpg 757w, https:\/\/raumzumankommen.de\/wordpress\/wp-content\/uploads\/2024\/03\/IMG-20200918-WA0000-1-231x300.jpg 231w\" sizes=\"(max-width: 757px) 100vw, 757px\" \/>\t\t\t\t\t\t\t\t\t\t\t\t\t<\/div>\n\t\t\t\t<\/div>\n\t\t\t\t\t<\/div>\n\t\t<\/div>\n\t\t\t\t<div class=\"elementor-column elementor-col-50 elementor-top-column elementor-element elementor-element-c6b7e42\" data-id=\"c6b7e42\" data-element_type=\"column\">\n\t\t\t<div class=\"elementor-widget-wrap elementor-element-populated\">\n\t\t\t\t\t\t<div class=\"elementor-element elementor-element-ec04fe4 elementor-widget elementor-widget-heading\" data-id=\"ec04fe4\" data-element_type=\"widget\" data-widget_type=\"heading.default\">\n\t\t\t\t<div class=\"elementor-widget-container\">\n\t\t\t<h2 class=\"elementor-heading-title elementor-size-default\">Grundladen und Methoden<\/h2>\t\t<\/div>\n\t\t\t\t<\/div>\n\t\t\t\t<div class=\"elementor-element elementor-element-ea5a5e1 elementor-widget elementor-widget-text-editor\" data-id=\"ea5a5e1\" data-element_type=\"widget\" data-widget_type=\"text-editor.default\">\n\t\t\t\t<div class=\"elementor-widget-container\">\n\t\t\t\t\t\t\t<p>Seit Mai 2008 bin ich Heilpraktikerin f\u00fcr Psychotherapie nach dem deutschen Heilpraktikergesetz. Folgende Fortbildungen bilden die Grundlage meiner Arbeit:<\/p><ul><li>Holotropes Atmen, Befreiung von Fremdenergien, Reinkarnationstherapie<\/li><li>Quantensprung-Coaching f\u00fcr Einzelne und Paare bei Iris von Stosch (www.liebeleben.de)<\/li><li>Bonding-Psychotherapie bei Dr.med. Martin Johais und Dipl.P\u00e4d. Thomas Heldmann im Dan-Casriel-Institut (Hirsem\u00fchle bei Hadamar)<\/li><li>ressourcenorientierte Traumatherapie (nach Luise Reddemann, Ellert R. S. Nijenhuis u.a.), Ego-State-Therapie (nach Jochen Peichl) bei Vera Dreher, Berlin<\/li><li>kreative Traumatherapie beim Institut f\u00fcr kreative Leibtherapie, Zukunftswerkstatt therapie kreativ, Udo Baer<\/li><li>NARM (neuroaffektives Beziehungsmodell) bei Angelika Doerne<\/li><li>Generationen-Code, transgenerative Therapie nach Sabine L\u00fcck<\/li><li>Sowie viele weitere Erfahrungen, die ich in Einzeltherapien, Seminaren und Workshops sammeln durfte<\/li><\/ul>\t\t\t\t\t\t<\/div>\n\t\t\t\t<\/div>\n\t\t\t\t\t<\/div>\n\t\t<\/div>\n\t\t\t\t\t<\/div>\n\t\t<\/section>\n\t\t\t\t<section class=\"elementor-section elementor-top-section elementor-element elementor-element-624678e elementor-section-boxed elementor-section-height-default elementor-section-height-default\" data-id=\"624678e\" data-element_type=\"section\" data-settings=\"{&quot;background_background&quot;:&quot;classic&quot;,&quot;shape_divider_bottom&quot;:&quot;curve&quot;,&quot;shape_divider_bottom_negative&quot;:&quot;yes&quot;,&quot;shape_divider_top&quot;:&quot;curve&quot;,&quot;shape_divider_top_negative&quot;:&quot;yes&quot;}\">\n\t\t\t\t\t<div class=\"elementor-shape elementor-shape-top\" data-negative=\"true\">\n\t\t\t<svg xmlns=\"http:\/\/www.w3.org\/2000\/svg\" viewBox=\"0 0 1000 100\" preserveAspectRatio=\"none\">\n\t<path class=\"elementor-shape-fill\" d=\"M500,97C126.7,96.3,0.8,19.8,0,0v100l1000,0V1C1000,19.4,873.3,97.8,500,97z\"\/>\n<\/svg>\t\t<\/div>\n\t\t\t\t<div class=\"elementor-shape elementor-shape-bottom\" data-negative=\"true\">\n\t\t\t<svg xmlns=\"http:\/\/www.w3.org\/2000\/svg\" viewBox=\"0 0 1000 100\" preserveAspectRatio=\"none\">\n\t<path class=\"elementor-shape-fill\" d=\"M500,97C126.7,96.3,0.8,19.8,0,0v100l1000,0V1C1000,19.4,873.3,97.8,500,97z\"\/>\n<\/svg>\t\t<\/div>\n\t\t\t\t\t<div class=\"elementor-container elementor-column-gap-default\">\n\t\t\t\t\t<div class=\"elementor-column elementor-col-50 elementor-top-column elementor-element elementor-element-5d039bd\" data-id=\"5d039bd\" data-element_type=\"column\">\n\t\t\t<div class=\"elementor-widget-wrap elementor-element-populated\">\n\t\t\t\t\t\t<div class=\"elementor-element elementor-element-edce06b elementor-widget elementor-widget-heading\" data-id=\"edce06b\" data-element_type=\"widget\" data-widget_type=\"heading.default\">\n\t\t\t\t<div class=\"elementor-widget-container\">\n\t\t\t<h2 class=\"elementor-heading-title elementor-size-default\">Meine Interessen<\/h2>\t\t<\/div>\n\t\t\t\t<\/div>\n\t\t\t\t<div class=\"elementor-element elementor-element-4073be8 elementor-widget elementor-widget-text-editor\" data-id=\"4073be8\" data-element_type=\"widget\" data-widget_type=\"text-editor.default\">\n\t\t\t\t<div class=\"elementor-widget-container\">\n\t\t\t\t\t\t\t<p>Die Idee, in Gemeinschaft zu leben, begeisterte mich schon als Teenager. Im Laufe meines Lebens habe ich auch Gemeinschaftserfahrung in unterschiedlichen Gemeinschaften sammeln d\u00fcrfen, habe die Eingebundenheit, aber auch die Herausforderungen kennen lernen d\u00fcrfen. Gerne wirke ich mit, wenn sich Gemeinschaften auch ohne gemeinsame Immobilie bilden m\u00f6chten.<\/p><p>In meiner Freizeit bin ich gerne in der Natur. Ich liebe Wandern, Bergsteigen, Radfahren, Schifahren, einfach an einem Baum sitzen, Sharing in Gruppen, Freundschaften pflegen, Tanzen, Schwimmen, Paddeln, Ausfl\u00fcge mit meinem Mann, Teilnahme an Seminaren &#8230;<\/p>\t\t\t\t\t\t<\/div>\n\t\t\t\t<\/div>\n\t\t\t\t\t<\/div>\n\t\t<\/div>\n\t\t\t\t<div class=\"elementor-column elementor-col-50 elementor-top-column elementor-element elementor-element-251a191\" data-id=\"251a191\" data-element_type=\"column\">\n\t\t\t<div class=\"elementor-widget-wrap elementor-element-populated\">\n\t\t\t\t\t\t<div class=\"elementor-element elementor-element-24c6408 elementor-widget elementor-widget-image\" data-id=\"24c6408\" data-element_type=\"widget\" data-widget_type=\"image.default\">\n\t\t\t\t<div class=\"elementor-widget-container\">\n\t\t\t\t\t\t\t\t\t\t\t\t\t<img decoding=\"async\" width=\"800\" height=\"541\" src=\"https:\/\/raumzumankommen.de\/wordpress\/wp-content\/uploads\/2024\/04\/WhatsApp-Bild-2024-04-10-um-15.30.26_4f8bcba0-1024x692.jpg\" class=\"attachment-large size-large wp-image-485\" alt=\"\" srcset=\"https:\/\/raumzumankommen.de\/wordpress\/wp-content\/uploads\/2024\/04\/WhatsApp-Bild-2024-04-10-um-15.30.26_4f8bcba0-1024x692.jpg 1024w, https:\/\/raumzumankommen.de\/wordpress\/wp-content\/uploads\/2024\/04\/WhatsApp-Bild-2024-04-10-um-15.30.26_4f8bcba0-300x203.jpg 300w, https:\/\/raumzumankommen.de\/wordpress\/wp-content\/uploads\/2024\/04\/WhatsApp-Bild-2024-04-10-um-15.30.26_4f8bcba0-768x519.jpg 768w, https:\/\/raumzumankommen.de\/wordpress\/wp-content\/uploads\/2024\/04\/WhatsApp-Bild-2024-04-10-um-15.30.26_4f8bcba0-1536x1038.jpg 1536w, https:\/\/raumzumankommen.de\/wordpress\/wp-content\/uploads\/2024\/04\/WhatsApp-Bild-2024-04-10-um-15.30.26_4f8bcba0.jpg 1600w\" sizes=\"(max-width: 800px) 100vw, 800px\" \/>\t\t\t\t\t\t\t\t\t\t\t\t\t<\/div>\n\t\t\t\t<\/div>\n\t\t\t\t\t<\/div>\n\t\t<\/div>\n\t\t\t\t\t<\/div>\n\t\t<\/section>\n\t\t<div class=\"elementor-element elementor-element-bec81e2 e-flex e-con-boxed e-con e-parent\" data-id=\"bec81e2\" data-element_type=\"container\" data-core-v316-plus=\"true\">\n\t\t\t\t\t<div class=\"e-con-inner\">\n\t\t<div class=\"elementor-element elementor-element-e0807a6 e-flex e-con-boxed e-con e-child\" data-id=\"e0807a6\" data-element_type=\"container\">\n\t\t\t\t\t<div class=\"e-con-inner\">\n\t\t\t\t<div class=\"elementor-element elementor-element-218d0c3 elementor-widget elementor-widget-spacer\" data-id=\"218d0c3\" data-element_type=\"widget\" data-widget_type=\"spacer.default\">\n\t\t\t\t<div class=\"elementor-widget-container\">\n\t\t\t<style>\/*! elementor - v3.20.0 - 13-03-2024 *\/\n.elementor-column .elementor-spacer-inner{height:var(--spacer-size)}.e-con{--container-widget-width:100%}.e-con-inner>.elementor-widget-spacer,.e-con>.elementor-widget-spacer{width:var(--container-widget-width,var(--spacer-size));--align-self:var(--container-widget-align-self,initial);--flex-shrink:0}.e-con-inner>.elementor-widget-spacer>.elementor-widget-container,.e-con>.elementor-widget-spacer>.elementor-widget-container{height:100%;width:100%}.e-con-inner>.elementor-widget-spacer>.elementor-widget-container>.elementor-spacer,.e-con>.elementor-widget-spacer>.elementor-widget-container>.elementor-spacer{height:100%}.e-con-inner>.elementor-widget-spacer>.elementor-widget-container>.elementor-spacer>.elementor-spacer-inner,.e-con>.elementor-widget-spacer>.elementor-widget-container>.elementor-spacer>.elementor-spacer-inner{height:var(--container-widget-height,var(--spacer-size))}.e-con-inner>.elementor-widget-spacer.elementor-widget-empty,.e-con>.elementor-widget-spacer.elementor-widget-empty{position:relative;min-height:22px;min-width:22px}.e-con-inner>.elementor-widget-spacer.elementor-widget-empty .elementor-widget-empty-icon,.e-con>.elementor-widget-spacer.elementor-widget-empty .elementor-widget-empty-icon{position:absolute;top:0;bottom:0;left:0;right:0;margin:auto;padding:0;width:22px;height:22px}<\/style>\t\t<div class=\"elementor-spacer\">\n\t\t\t<div class=\"elementor-spacer-inner\"><\/div>\n\t\t<\/div>\n\t\t\t\t<\/div>\n\t\t\t\t<\/div>\n\t\t\t\t\t<\/div>\n\t\t\t\t<\/div>\n\t\t\t\t\t<\/div>\n\t\t\t\t<\/div>\n\t\t\t\t<\/div>\n\t\t","protected":false},"excerpt":{"rendered":"<p>\u00dcber mich \u00dcber mich Warum Traumatherapie? Vor \u00fcber 40 Jahren begab ich mich auf den Weg zu meiner pers\u00f6nlichen Heilung, angetrieben von starkem Leidensdruck. \u00dcber die Jahre habe ich viel Therapieerfahrung in verschiedensten Richtungen sammeln d\u00fcrfen. Und ich wollte immer wissen: Was macht Menschen gl\u00fccklich und zufrieden. Wie geschieht Heilung. Die Traumatherapie, die ich heute [&hellip;]<\/p>\n","protected":false},"author":1,"featured_media":0,"parent":0,"menu_order":0,"comment_status":"closed","ping_status":"closed","template":"elementor_canvas","meta":{"footnotes":""},"class_list":["post-120","page","type-page","status-publish","hentry"],"_links":{"self":[{"href":"https:\/\/raumzumankommen.de\/wordpress\/wp-json\/wp\/v2\/pages\/120","targetHints":{"allow":["GET"]}}],"collection":[{"href":"https:\/\/raumzumankommen.de\/wordpress\/wp-json\/wp\/v2\/pages"}],"about":[{"href":"https:\/\/raumzumankommen.de\/wordpress\/wp-json\/wp\/v2\/types\/page"}],"author":[{"embeddable":true,"href":"https:\/\/raumzumankommen.de\/wordpress\/wp-json\/wp\/v2\/users\/1"}],"replies":[{"embeddable":true,"href":"https:\/\/raumzumankommen.de\/wordpress\/wp-json\/wp\/v2\/comments?post=120"}],"version-history":[{"count":82,"href":"https:\/\/raumzumankommen.de\/wordpress\/wp-json\/wp\/v2\/pages\/120\/revisions"}],"predecessor-version":[{"id":812,"href":"https:\/\/raumzumankommen.de\/wordpress\/wp-json\/wp\/v2\/pages\/120\/revisions\/812"}],"wp:attachment":[{"href":"https:\/\/raumzumankommen.de\/wordpress\/wp-json\/wp\/v2\/media?parent=120"}],"curies":[{"name":"wp","href":"https:\/\/api.w.org\/{rel}","templated":true}]}}